i) = -i**2 + 4*i + 4. Let n be m(4). Suppose -3 = -t + 5*f + n, -51 = -4*t - 3*f. What is the tens digit of t?
1
Suppose -c + 0 = -3. Suppose -2*h + c*t = -46, 0 = h - 4*t - 23 - 0. What is the tens digit of h?
2
Let l be -1*-2*(-3)/(-3). Let x = 11 + -7. Suppose x*v - 8 = l*v. What is the units digit of v?
4
Let g(c) = -c**2 + 2*c + 6. Let b(j) = 2*j**2 - 4*j - 12. Let q(v) = -2*b(v) - 5*g(v). What is the units digit of q(5)?
9
Let r be (4 - (-33)/(-9))*6. Suppose 41 = 5*k - 4*i, -r*k + 35 = k - 5*i. What is the units digit of k?
5
Let f(j) = -j**3 - 7*j**2 + 9*j - 10. Let s be f(-8). Let k be (-32)/s + (-2)/(-9). What is the units digit of (-3)/(-2) + k/4?
2
Let d be 2 - 6/3 - -2. Suppose 4*y + d = 2*m, 0 = -7*y + 3*y + 12. What is the units digit of m?
7
Suppose 4*r = 5*r. Suppose 0 = 5*y - r*y - 65. What is the tens digit of y?
1
Let l(q) be the first derivative of -q**4/4 + 7*q**3/3 + 5*q**2 + 4*q - 5. What is the units digit of l(8)?
0
Suppose 0*p = -4*p. Suppose -3*s + 16 - 4 = p. Suppose -r + 3 - s = 0, 0 = i - 2*r - 8. What is the units digit of i?
6
Let v(i) = -i + 5. Let m be v(6). Let u = 9 + m. What is the units digit of u?
8
Let q = 45 - 6. What is the tens digit of q?
3
Let x be -8 + 4/2*-1. Let b be (18/15)/((-4)/x). What is the units digit of 3/(3/(27/b))?
9
Let p = -40 - -137. What is the units digit of p?
7
Let a be -123 + 1*(-2 + 3). Let s = -77 - a. What is the tens digit of s?
4
Suppose -5*m - 3 = 3*y, 2*y - 16 = -2*y. Let o(s) = 5*s + 0*s - 1 - 6*s. What is the units digit of o(m)?
2
Suppose 6 - 86 = -5*g. What is the units digit of g?
6
Suppose 2*z - 288 = -5*t, 4*t + 41 - 253 = 3*z. What is the units digit of t?
6
Let b = 0 + 1. Let h be b/(-4) + (-9)/(-4). Suppose 0 = w + h*w - 48. What is the tens digit of w?
1
Let m(s) = s**2 - s - 2. Let l be m(2). What is the units digit of -3 - l - (-182)/7?
3
Let o be (-1)/3*0/3. Let t(j) = o*j - 4*j - j. What is the units digit of t(-2)?
0
Let f(l) = l**2 + 12*l + 13. Let q be f(-11). Suppose q = -4*r + 6*r. What is the units digit of r?
1
Let a(l) = l**3 - l**2 - 12*l + 4. What is the units digit of a(5)?
4
Let f be ((-64)/(-3))/((-1)/(-3)). Let k(u) = -u**3 - u + 2. Let i be k(0). What is the units digit of f/12 - i/6?
5
Let s(x) = x**3 - x**2 - x + 1. What is the units digit of s(5)?
6
Let o(m) = 3*m + 0*m - 2*m - 3. Let s be o(6). Suppose -4*k - d = -50, k - s*d - d - 4 = 0. What is the tens digit of k?
1
Suppose 501 = 5*o + d - 331, -654 = -4*o + 5*d. What is the hundreds digit of o?
1
Let w(g) = -g**2 - 3*g - 2. Let n be w(-3). Let s = -2 - n. What is the units digit of (0 + (s - 1))*-7?
7
Let z(p) = p**2 + 7*p + 15. What is the tens digit of z(-11)?
5
Let p(y) = -y**3 + 9*y**2 + 6. What is the tens digit of p(8)?
7
Let u be ((-2)/(-3))/(2/15). Let o = u + 4. What is the units digit of o?
9
Let u = -8 - -10. Suppose 5*x = 2*s + 6, 5*s - u*x - 13 = 2*s. What is the units digit of s?
7
Suppose -3*k - 6*t + 139 = -t, 2*k = -2*t + 86. Suppose 7*l - 2*l - b = -k, -3*l - 18 = -3*b. Let w = 0 - l. What is the units digit of w?
8
Let i be 0 + (0 - -4) - 2. What is the tens digit of (0 + -24)/(-2) - i?
1
Let q(y) = -y**3 - 3*y**2 + 4*y - 7. What is the tens digit of q(-5)?
2
Suppose -m - 3*j = -6*m + 640, 2*j = 2*m - 252. What is the hundreds digit of m?
1
Let s = 1 + 6. Let v = 11 - s. Suppose 2*b - v - 10 = 0. What is the units digit of b?
7
Let s = 662 + -345. What is the units digit of s?
7
Let z(k) = -2*k**3 - 3*k**2 - 2*k + 1. Suppose 3 = -5*t - 17. Let s be z(t). What is the units digit of s/13 + (-2)/(-13)?
7
Let b(w) = 3*w + 2. Let l(t) = -t + 8. Let p be l(0). Let o = p + -6. What is the units digit of b(o)?
8
Let k(s) = s + s - 4*s + 3*s. Let v be k(0). Suppose 0 = 2*w - 2*i - 6, -4*w + v*i + 12 = i. What is the units digit of w?
3
Let g be 1 + 0 + -1 - 0. Suppose 3*z - 2*o - 1 = 0, -2*z + 6*o = 3*o - 4. What is the units digit of -1 + 2 + g/z?
1
Let f(g) = -3*g - 4. Let z be f(-7). What is the tens digit of 1 + 1 + z + -3?
1
Let g = 3 - -1. Suppose g*v = -5*c - 18, 2*c + 14 = -0*v - 5*v. What is the units digit of 13/((-1)/v*2)?
3
Let j(q) be the second derivative of -1/4*q**4 - q**2 - 2/3*q**3 - 1/20*q**5 + 2*q + 0. What is the units digit of j(-2)?
2
Let c(f) = -11*f**2 + 11*f + 4. Let q(o) = 5*o**2 - 5*o - 2. Let w(y) = 2*c(y) + 5*q(y). Let a be w(3). Suppose 5*x - 4 = a. What is the units digit of x?
4
Let v be 3/(-2)*4/3. What is the units digit of v/(-5) - 136/(-10)?
4
Let k(c) = -2*c - 3. Let h(l) = 2*l + 3. Let m(j) = 2*h(j) + 3*k(j). What is the units digit of m(-6)?
9
Let d be ((-6)/4)/(30/(-100)). Suppose 33 = 3*w - 5*o - 124, -4*o + 200 = d*w. What is the tens digit of w?
4
Let w be 2 + 20/(5 + -1). What is the tens digit of 1/(-7) + 141/w?
2
Let y(c) = c**3 - 5*c**2 - 5*c - 2. Let x be y(6). What is the units digit of (-2 + 49/x)*4?
1
Suppose 1 - 9 = -4*m. Suppose -m*d = -v - 24, -2*d + 5*d - 47 = -4*v. What is the tens digit of d?
1
Let k = 38 - 22. Suppose 0 = -3*w - w + k. Suppose 1 = -i, w*y + 3*i - 5*i = 42. What is the tens digit of y?
1
Suppose 0*v + 600 = 5*v. What is the tens digit of v?
2
Let m(n) = -n**3 - 5*n**2 - 2*n + 5. Let y be m(-4). Let f be (3 + y + 2)/1. Suppose -2*d + 13 + 10 = -5*g, -3*g = -f*d + 17. What is the units digit of d?
4
Let b be (-2)/16 - 411/(-24). Let l = 47 - b. What is the units digit of l?
0
Suppose -4*n - 24 = -r + n, 5*r = -5*n + 30. What is the units digit of r?
9
Suppose -2*r = -3 - 7. Suppose r*d - d - 2*t - 22 = 0, d = t + 8. Suppose 3*l - 5*l = 2*s, d*s + 6 = -5*l. What is the units digit of s?
3
Let x be ((-2)/1)/(4/(-10)). What is the units digit of ((-8)/x)/((-4)/10)?
4
Let l = 94 - 61. What is the units digit of l?
3
Let t = 140 - 201. Let i = -36 - t. What is the tens digit of i?
2
Let q(u) = 3*u + 4. Let g(k) = 4*k + 5. Let b(t) = 2*g(t) - 3*q(t). Let i = -8 - -1. What is the units digit of b(i)?
5
Suppose 24*o - 20*o = 72. What is the tens digit of o?
1
Suppose 28 = 5*s + 3. Suppose s*k = -4*r + 46, 2*k - 3*k - 6 = -3*r. Let b = -4 + k. What is the units digit of b?
2
Suppose 4*y - 88 = 1584. What is the tens digit of y?
1
Let q(v) = v**3 - 5*v**2 + 2*v - 4. Let f be q(5). Suppose f*s + 72 = 2*s. What is the units digit of s/3*3/(-2)?
9
Let f = 7 + -6. What is the units digit of 2 - 2 - (-5)/f?
5
What is the tens digit of (-1)/(-1) + 18 + -2?
1
Let l(z) be the second derivative of 1/2*z**3 + 0 - 1/2*z**2 + 2*z. What is the units digit of l(3)?
8
Let i = 148 + -323. What is the units digit of ((-2)/(-5))/((-5)/i)?
4
Suppose 2*x = 5*x - 9. Let m(l) = 8*l + 6. What is the units digit of m(x)?
0
Suppose 0*s + 6 = 3*s. Suppose -2*k = 3*f - 7*k - 12, -16 = -4*f + s*k. Suppose 6 + 6 = x + 5*n, f*x + 2*n - 12 = 0. What is the units digit of x?
2
Let k = -15 + 19. Let m(b) = -2 - 3*b**2 + 3*b + 2*b**2 + 7. What is the units digit of m(k)?
1
Let i(z) = 2*z - 2. Let g(m) = m**3 + 2*m**2 - 2*m + 3. Let w be g(-3). Let j be 6 - (2 + w)*-1. What is the units digit of i(j)?
4
Let f be (1 + 2)/(-9)*-471. Suppose 67 = -3*p + f. What is the units digit of p?
0
Suppose -6*r - 19 + 55 = 0. What is the units digit of r?
6
Suppose 0*p + 14 = 2*p. Suppose p = -3*g + 19. Suppose -c + 3*w + 4 = -w, 3*w = g*c - 16. What is the units digit of c?
4
Let l(g) = -g + 3. Let n be l(-9). Suppose 2*k + 0*k = -n. What is the units digit of (-46)/k + 4/(-6)?
7
Let l = 5 + 3. Suppose 4 = u - l. What is the units digit of u?
2
Let r = 68 - 42. What is the tens digit of r?
2
Let k(i) be the first derivative of 5*i**3/3 - i - 6. Let t be -3*2/(-3) + -3. What is the units digit of k(t)?
4
What is the tens digit of (11/2 - 0)/((-3)/(-18))?
3
Let d = 32 + 2. What is the units digit of d?
4
Let j be 1*(5 - 2) - -1. Suppose -j*u + 5 = -7. Suppose u*b - 15 - 9 = -2*o, o - 4*b = 1. What is the units digit of o?
9
Let c = 4 - 1. Suppose -u + 15 = 4*u - 5*o, -c*u = o - 5. Suppose -3*w - u = -4*y - 10, -3*w = 3*y - 36. What is the units digit of w?
8
Let l be (-94)/(-8) + 2/8. Suppose 2*i + 5*c = -16, 5*i + 5*c = -4 - 21. What is the units digit of (1/i)/((-1)/l)?
4
Suppose 0*v = v + 21. Let g = v - -5. Let b = g + 24. What is the units digit of b?
8
Let v = 130 - 91. What is the tens digit of v?
3
Let q be (-1)/(1/(-1 + -4)). Let s(l) = l**3 - 5*l